- 23*s - 12. Let z be (-14)/(-42) - (9/3 - (-104)/(-12)). What is v(z)?
-6
Let g(i) = 18*i**3 - 74*i**2 + 10*i - 7. Let j be g(4). Let q(x) = 14*x - 7. Determine q(j).
7
Let f be (-40)/(0 - 5) - (2 + 2). Let v(a) = -a**3 - f - 7*a**2 + 10*a - 5*a - 7*a**2 + 10*a**2. Give v(-5).
-4
Let g = 3002 + -2993. Let j(v) = -v**3 + 8*v**2 + 9*v - 10. Calculate j(g).
-10
Suppose -3*q + 3 = 5*s + 19, 5*q + 5*s = -10. Let h be (-2)/3*(-180)/24. Let z(m) = -q*m + h*m - m + 6. Give z(-5).
1
Let p(k) = -570 + 0*k - 573 + 3*k - 567 + 1709. Let w = 0 - -2. Calculate p(w).
5
Let q be 5 + -1 - 0*(-8)/32*4. Let o(x) be the third derivative of 0 - x**2 + 2/3*x**3 + 0*x - 1/24*x**q. Give o(-6).
10
Let g(d) be the third derivative of 0 + 20*d**2 - 1/12*d**4 - 1/60*d**6 + 0*d**3 + 0*d - 1/20*d**5. Suppose l - 3*c = -5, 4*l - 7*c = -2*c - 13. Determine g(l).
8
Let c(q) = -q**2 - 8*q - 4. Let l be c(-6). Let h(z) = -z**2 + 8*z - 1. Let n(p) = -p**2 + 7*p. Let b(g) = 3*h(g) - 2*n(g). Determine b(l).
13
Let v(k) = -31*k**2 + 2*k + 18. Let c(a) = 47*a**2 - 16. Let m(d) = 2*c(d) + 3*v(d). Give m(-4).
14
Let a(i) = -147550*i - i**2 + 17 - 147554*i + 295102*i. Calculate a(-7).
-18
Let f be ((-6)/7)/(27/(-126)). Let r(c) be the third derivative of 0*c - 8*c**2 - 1/12*c**4 + 1/6*c**3 + 0. What is r(f)?
-7
Let s = 4/1329 - -1321/2658. Let z(r) be the second derivative of 7*r + 1/3*r**3 - s*r**2 - 1/2*r**4 + 0. Give z(1).
-5
Let q(x) be the second derivative of -x**4/12 + 7*x**3 - 74*x**2 + 6466*x. Determine q(4).
4
Let j(w) = -8*w + 2. Let l be j(-1). Let m(a) = a**3 - 8*a**2 - 21*a + 12. Let f be m(l). Let o(b) = -5 + b - 2 + 3 + f. Calculate o(2).
0
Let d(y) = -3*y - 5*y + y**3 - 11*y - 11*y**2 + 3 + y - 7*y. What is d(13)?
16
Let y(f) = -f + 5. Let a(v) = 13*v - 38. Let x(p) = -a(p) - 6*y(p). Calculate x(4).
-20
Let c(k) = k**2 + 4*k - 6. Suppose 5*g = -n - 273, 5*n = g + 3*n + 48. Let j = 50 + g. Let i(p) = 3*p + 6. Let r be i(j). Give c(r).
6
Let w(f) = f**2 - 11*f + 11. Let i(q) = 13*q + 61. Suppose 288*b - 284*b = -16. Let p be i(b). Determine w(p).
-7
Suppose -5*v = 3*b + 10, b + 152 = -3*v + 146. Let x(n) = n**3 - n**2 + 2*n + 47. Give x(b).
47
Let j(d) = -3*d - 5. Let m(b) = b - 1. Suppose 23*k = 15*k + 16. Let c(y) = k*m(y) + j(y). Determine c(-12).
5
Let p(l) be the first derivative of 150 - 3*l - 1/2*l**2. Determine p(-4).
1
Let t(c) = c - 4. Let w be t(7). Let o(y) = 1 - 14 + w - 4*y + 1. Suppose -3*m + 5*n - 14 = -0*m, m + 4*n + 16 = 0. Give o(m).
23
Let p(c) = 0*c - 5 - 3*c + 6*c - 2*c. Let f(t) = t**2 - 12*t + 8. Let v be f(11). Let m be ((-4 + 4)/v)/2. Give p(m).
-5
Let l(i) = -4*i - 3 + 2 - 5*i**2 - 4. Let k(u) = -6*u**2 - 3*u - 4. Let a = -927 - -922. Let b(m) = a*k(m) + 4*l(m). Give b(1).
9
Let j(i) = -4*i**3 + 39*i**2 - 13*i + 22. Let t(s) = -s**3 + 12*s**2 - 5*s + 7. Let f(v) = 2*j(v) - 7*t(v). Give f(-7).
-19
Let b(r) = -829 + 395 + 433 - r. Suppose -3*t = -4*t - 5. Give b(t).
4
Let y(b) = 61*b**2 - 11*b + 3 - 117*b**2 + 54*b**2 + 2. Let j(x) = -2*x**2 - 9*x + 4. Let n(k) = -7*j(k) + 6*y(k). Let c be (-18)/(-6) - 1/1. Calculate n(c).
4
Let c(d) = -d**2 - 49*d + 53. Let g be c(-50). Let f(w) = -6*w - 521*w**3 + 262*w**g + 260*w**3 + 7 - w**2. Determine f(3).
7
Let o(g) = 3*g - 5. Let k(u) = u - 2. Let c(i) = 5*k(i) - 2*o(i). Let m be (-9)/(18/16) - -11. Give c(m).
-3
Let k be 195/117 - (-1)/(-6)*-2. Let d(n) = 11*n**2 - 4*n + 3. Determine d(k).
39
Let z(b) = 2*b - 10 + 3*b + 6*b - b**2. Let q be (9 - (-434)/(-49))*(153/3 + -2). Give z(q).
18
Suppose -5*k - w = -21, 2*k + 2*w = w + 9. Suppose 0 = 2*d + 2 - k. Suppose -9 = 5*r + d. Let b(c) = 2*c. What is b(r)?
-4
Let i(r) = -4*r**2 + r**3 + 3*r**2 - 9 - 2*r**3. Let u be (-12)/40 + (-6)/(-20). What is i(u)?
-9
Suppose 10 = 5*b - 3*n, -5*b + n = -3*b - 4. Suppose b*c = 4*c - 14. Suppose 0 = -c*f + 4 - 4. Let t(a) = a**2 - a - 3. What is t(f)?
-3
Let z(k) = -2*k**2 + k + 201. Let d be z(-10). Let s(y) = 3*y**2 + 32*y + 38. Give s(d).
-7
Suppose 177*d - 151*d = -31 - 21. Let y(k) = k**3 + 2*k**2 + 2*k + 6. Give y(d).
2
Suppose 0 = 13*r + 5 - 5. Let i(n) = -n**2 - n. Let u(p) = p**2 + 3*p + 4. Let t(y) = 2*i(y) + u(y). What is t(r)?
4
Let i(m) be the first derivative of m**3/3 + 7*m**2/2 - 3*m + 3. Suppose -121 = -2*x - 133. What is i(x)?
-9
Let f(v) = -3*v + 11. Let w(b) = 25*b - 44. Let p be w(2). What is f(p)?
-7
Let x(g) = 53*g - 1351. Let z(q) = 18*q - 457. Let t(c) = -4*x(c) + 11*z(c). Give t(27).
-1
Let s(h) = h**3 + 55*h**2 + h + 57. Let v be s(-55). Let l(i) be the third derivative of -1/3*i**4 + 1/2*i**3 + 0 - 1/60*i**5 + 0*i - 11*i**v. What is l(-6)?
15
Let x(w) = -7*w + 3. Let p(c) = -4*c + 1. Let y be (3/2)/(1/(-2)). Let u(v) = y*x(v) + 5*p(v). Let k be -2*2/(8/6). Calculate u(k).
-7
Suppose 5*t + 1 = 4*t, 4*w - 40 = 4*t. Let c(p) = 17*p**2 - 3*p - 8. Let i(v) = -4*v**2 + v + 2. Let x(u) = w*i(u) + 2*c(u). Calculate x(-2).
-12
Suppose -m = 4*p - 103, 0 = m + 3*m + 2*p - 342. Let f be 192/352 + m/(-11). Let q(y) = y**3 + 7*y**2 + y - 2. Determine q(f).
-9
Suppose -31*g + 1288 = 107*g + 46*g. Let z(s) = -4*s**2 + 25*s + 21. Give z(g).
0
Let m(c) = c**3 - 4*c**2 + c. Suppose 40*l = 39*l - 3. Let q be (2 + -1 - 1 - -6) + l. Give m(q).
-6
Suppose -5*h + 5*j + 50 = 0, 0 = -6*h + 9*h + 5*j + 18. Let i(r) = -24*r + 99. Determine i(h).
3
Let f(z) = 7*z + 44. Let m(v) = 140*v + 43 - 60*v - 71*v. Let p(a) = 5*f(a) - 4*m(a). What is p(0)?
48
Suppose 17*i - 22 = 15*i. Let s(h) = -3*h - 2*h + i + 3*h - h. Calculate s(9).
-16
Let q(d) = -8*d + 3*d + 127*d**2 - d**3 + 4*d - 124*d**2 + 2*d**3. What is q(-3)?
3
Suppose 113*k - 105*k = -8. Let v(b) = 16*b - 8*b - 8*b + 22*b**2 + 1. What is v(k)?
23
Suppose 0 = 2*b + 2 + 12. Let k(i) = -i**2 - 8*i + 2. Let m be k(b). Let z(s) = -7. Let w(p) = -p - 1. Let r(f) = -2*w(f) + z(f). Determine r(m).
13
Suppose -343 = -572*y + 780 + 21. Let f(a) be the third derivative of -a**4/3 + a**3/6 + a**2. What is f(y)?
-15
Let a(c) = -4*c**3 - c**2 - 25*c + 14. Let x(v) = -3*v**3 - v**2 - 17*v + 9. Suppose 0 = -n - 84 + 91. Let f(g) = n*x(g) - 5*a(g). Determine f(-5).
38
Let y(f) = f**3 - 24. Let o(v) = 61*v - 22. Let u be o(-5). Let b = u - -327. Determine y(b).
-24
Let v(b) = 2*b - 2. Let t = 189 + -182. Suppose -t*j + 16 = 37. Give v(j).
-8
Let v = 3079 - 3073. Let c(u) = -7*u + 23. Calculate c(v).
-19
Suppose -x + 0*x = 3*d + 36, 3*x - 35 = 4*d. Suppose -3*g - 27 = 18. Let a = g - d. Let t(o) = -o**2 - 6*o - 1. Determine t(a).
7
Let d(y) be the third derivative of -y**6/30 - 5*y**5/12 - 3*y**4/8 - y**3/3 + 9770*y**2. Determine d(-6).
16
Let y(q) = -9*q + 6. Suppose 5*p + 5*n = 0, -74*n - 3 = p - 76*n. Let g(j) = j - 1. Let u be 25/(-4) - (-1)/4. Let l(o) = p*y(o) + u*g(o). Calculate l(2).
6
Let n(q) = 2*q - 1. Let t = -2 - -24. Suppose -6*r + t = 4. Suppose 8 + 1 = -r*b. Determine n(b).
-7
Let m be 256/44 - (-2)/11*1. Let n(d) be the third derivative of -d**4/12 + 2*d**3/3 + 16*d**2 - 5. Calculate n(m).
-8
Let f = -6 - -8. Let l = 165 - 162. Let k(j) = -5*j**2 + 0*j**2 + 0*j**2 + l*j**2 + j**2 + j + j**3. Determine k(f).
6
Let c(f) = -34*f**3 + 11 - 29 - 9*f + 1 + 33*f**3 - 6*f + 12*f**2. Give c(10).
33
Let s(q) = 19*q + 4. Suppose 2034*z - 14 = 2048*z. Calculate s(z).
-15
Let k(y) = y**2 + 8*y + 8. Let a be k(-6). Let x(r) = 5*r**2 + 4*r - 3. Let i be x(a). Let p = 59 - i. Let j(g) = -2*g**2 - 2*g + 2. Calculate j(p).
-2
Suppose 0 = 9*c - 12*c + 12, 5*z = 4*c - 6. Suppose -2*j + j = -z*j. Let d(q) = -q + 8. Give d(j).
8
Let s(p) = 12*p**2 + 2*p. Let w = 119 - 116. Suppose -3*y = -6*y - i - w, -2*i + 1 = -y. Let d be s(y). Let j(t) = t**3 - 10*t**2 - t + 7. What is j(d)?
-3
Let m be ((-2)/(-3))/((-3)/(-144)). Let r(f) = 29 - 4*f + 19 - m. What is r(5)?
-4
Suppose 0 = 5*l + 8 - 3. Let t(a) be the third derivative of 1/6*a**4 + 0 + 0*a**3 + 0*a + 24*a**2. Determine t(l).
-4
Let o = 47 - 37. Let k(m) = -34*m + 6. Let b(t) = -11*t + 2. Let u(r) = o*b(r) - 3*k(r). Let a(v) = -57*v + 15. Let c(s) = -2*a(s) + 15*u(s). What is c(-1)?
6
Let x = 162 + -122. Let f(h) = -28*h + x*h - 23*h. Give f(1).
-11
Let s = 12 + -10. Suppose -2*i + 4*i = 4, s*i = 3*v - 11. Let o(f) = f + 1. Let w(g) = 2*g - 11. Let m(y) = -o(y) + w(y). Calculate m(v).
-7
Let s be ((-88)/8 - -10)*(1 + -5). Suppose -4*a